 c(27).
395
Let v(q) = -q**2 - 7549*q - 143063. Give v(-19).
7
Let c(o) = -216*o + 8934. Give c(41).
78
Let f(l) = -l**2 + 2483*l + 277111. Give f(-107).
-19
Let f(p) = -3*p**2 + 247*p - 1986. What is f(9)?
-6
Let w(s) = 10423*s - 114654. What is w(11)?
-1
Let p(u) = -1163*u + 132612. Calculate p(114).
30
Let x(y) = 2*y**3 + 98*y**2 + 591*y + 50. Determine x(-42).
-76
Let m(d) = 3*d**3 - 2*d**2 + 3*d + 1243. Determine m(0).
1243
Let m(d) = 3*d**2 - 194275*d - 1554392. Calculate m(-8).
0
Let h(i) = 71388*i - 1070821. Determine h(15).
-1
Let g(f) = f**2 + 16292*f - 637313. Calculate g(39).
-404
Let r(c) = -3*c**3 + 227*c**2 + 790*c - 65. Give r(79).
-65
Let j(r) = -r**2 + 951*r - 31695. Give j(34).
-517
Let y(h) = 2*h**3 - 68*h**2 - 126*h - 647. Give y(36).
1
Let m(u) = -3*u**3 - 171*u**2 + 177*u + 147. Give m(-58).
-27
Let m(r) = 4*r**2 - 62*r - 1932. Determine m(31).
-10
Let m(p) = -8113*p + 275838. What is m(34)?
-4
Let y(x) = 732*x + 2904. Determine y(-3).
708
Let g(f) = -996*f + 50797. Determine g(51).
1
Let y(k) = k**2 - 103*k + 4143. Give y(54).
1497
Let h(p) = 1306*p + 20885. Give h(-16).
-11
Let g(p) = 21*p**2 + 1591*p + 84. Determine g(-74).
-2654
Let c(w) = -179*w**2 - 2171*w + 4. What is c(-12)?
280
Let s(j) = -j**2 - 136*j + 8268. Calculate s(43).
571
Let o(v) = 6*v**3 + 10*v**2 + 27*v - 44. Give o(-5).
-679
Let d(r) = 7*r**2 + 12*r - 190. What is d(3)?
-91
Let g(m) = -356*m + 10985. Give g(32).
-407
Let y(k) = -k**3 + 121*k**2 - 1848*k - 54. Calculate y(18).
54
Let l(v) = -80*v + 12989. Determine l(154).
669
Let a(f) = -f**3 + 31*f**2 + 380*f - 16. Calculate a(-9).
-196
Let q(r) = r**3 + r**2 + 791*r - 4105. Determine q(5).
0
Let n(g) = 1885*g - 18819. What is n(10)?
31
Let t(b) = 2*b**3 + 393*b**2 - 200*b + 260. Calculate t(-197).
851
Let f(o) = 1950*o - 13522. Give f(7).
128
Let d(a) = -552*a**2 + 43*a + 92. What is d(-2)?
-2202
Let c(q) = 14*q**2 - 206*q - 1152. Determine c(-6).
588
Let t(h) = 5*h**3 - 18*h**2 - 3551*h + 10685. What is t(3)?
5
Let u(j) = j**3 - 53*j**2 - 857*j - 50. What is u(-10)?
2220
Let r(m) = -1664*m + 683898. Calculate r(411).
-6
Let h(p) = -p**2 + 132*p - 1392. What is h(49)?
2675
Let p(g) = -165045*g + 330235. Calculate p(2).
145
Let h(a) = -3303*a - 74776. Give h(-22).
-2110
Let x(u) = -u**2 + 5*u + 26059. Give x(-159).
-17
Let a(d) = d**2 - 5850*d - 283102. Calculate a(-48).
2
Let x(f) = f**2 - 1214*f + 106494. Determine x(95).
189
Let k(n) = 4293*n - 150239. Determine k(35).
16
Let r(j) = 114812*j + 229611. What is r(-2)?
-13
Let i(a) = -3*a**2 - 1034*a - 2752. Give i(-342).
-16
Let y(u) = 4*u**2 + 45*u + 230. Give y(-5).
105
Let q(y) = -y**3 + 80*y**2 + 4177*y + 53. What is q(-36)?
17
Let h(o) = -o**2 + 93*o + 8120. Determine h(-54).
182
Let c(z) = -61*z**2 - 292*z - 568. Determine c(-2).
-228
Let l(y) = -637*y**2 + 7*y + 34. Determine l(0).
34
Let y(r) = -4104*r + 8215. Determine y(2).
7
Let u(f) = -1572*f + 31435. Calculate u(20).
-5
Let q(t) = -t**3 + 219*t**2 + 277*t - 7784. Calculate q(220).
4756
Let g(b) = -17*b**3 + 104*b**2 - 101*b + 555. Calculate g(6).
21
Let x(q) = 1233*q**2 + 12381*q + 15. Calculate x(-10).
-495
Let l(s) = -561*s + 40898. Give l(73).
-55
Let u(t) = 15*t**3 - 10*t**2 + 69*t + 145. Calculate u(-2).
-153
Let l(z) = 47*z**2 - 2354*z + 68. Give l(50).
-132
Let b(f) = 64*f**2 - 7420*f - 498. Give b(116).
-34
Let r(o) = -o**3 - 24*o**2 - 9669*o + 3. What is r(0)?
3
Let d(n) = 89420*n - 1877817. Calculate d(21).
3
Let l(g) = -226731*g - 1587115. Give l(-7).
2
Let h(m) = 75*m - 4963. Determine h(67).
62
Let t(r) = 1393*r - 6993. Determine t(3).
-2814
Let v(w) = -w**3 + 30*w**2 - 123*w + 1164. Calculate v(27).
30
Let c(s) = 558*s**2 - 36278*s + 535. What is c(65)?
15
Let a(u) = -1979681*u - 9898413. What is a(-5)?
-8
Let v(j) = -j**3 - 40*j**2 - 4522*j - 30019. Calculate v(-7).
18
Let f(w) = 37657*w + 226782. Give f(-6).
840
Let g(w) = -w**3 - 12*w**2 - 16*w - 488. What is g(-11)?
-433
Let m(z) = 194363*z - 3109778. Calculate m(16).
30
Let g(s) = -3038*s - 315944. What is g(-104)?
8
Let c(l) = -27*l**2 + 2197*l - 6588. Calculate c(3).
-240
Let x(b) = -2*b**3 - 48*b**2 - 2399*b - 57568. Determine x(-24).
8
Let q(i) = -2*i**2 + 203515*i - 407036. What is q(2)?
-14
Let y(u) = 7922*u + 17769. What is y(-2)?
1925
Let w(p) = -12*p**3 - 90*p**2 - 82*p + 5. Determine w(-1).
9
Let o(d) = -d**2 - 63*d + 803. Determine o(12).
-97
Let v(k) = -245510*k - 737051. Determine v(-3).
-521
Let p(h) = 2999*h - 12398. What is p(4)?
-402
Let i(w) = -102*w**2 + 6868*w - 37530. Calculate i(6).
6
Let m(w) = -3*w**2 - 971*w - 13028. What is m(-14)?
-22
Let g(b) = 6*b**3 + 24*b**2 + 31*b + 468. Calculate g(-8).
-1316
Let j(l) = l**2 - 6682*l - 181100. Give j(-27).
43
Let s(i) = -i**3 - 73*i**2 - 469*i - 403. Calculate s(-66).
59
Let f(u) = -u**2 + 138*u + 6485. What is f(-37)?
10
Let k(g) = 2*g**3 - 697*g**2 + 3098*g - 829. Determine k(344).
-141
Let t(z) = -8*z**2 - 754*z - 1795. Give t(-92).
-139
Let t(d) = d**2 - 4823*d - 43429. Calculate t(-9).
59
Let k(a) = -45*a**2 - 796*a + 1131. Determine k(-19).
10
Let c(q) = 389*q**2 + 18293*q + 252. Give c(-47).
-218
Let a(v) = 2*v**3 + 43*v**2 - 393*v + 117. What is a(9)?
1521
Let s(j) = 18*j**2 + 2321*j + 6970. Give s(-3).
169
Let y(c) = -c**3 + 42*c**2 + 386*c + 308. What is y(-7)?
7
Let y(i) = -23*i - 2591. Calculate y(84).
-4523
Let v(b) = 608*b**2 - 2948*b - 10. Determine v(5).
450
Let f(j) = 46016*j + 92019. Calculate f(-2).
-13
Let x(r) = -2*r**3 + 13*r**2 + 60*r - 6. Give x(-7).
897
Let o(s) = s**3 + 88*s**2 - 3536*s + 464. What is o(-118)?
-8
Let r(m) = 2*m**3 - 38*m**2 + 183*m - 4450. Give r(20).
10
Let f(a) = 3218*a - 109326. Give f(34).
86
Let v(s) = -s**3 + 1069*s**2 - 5307*s - 60. What is v(5)?
5
Let b(a) = -14*a**3 - 252*a**2 - 4*a - 43. Determine b(-18).
29
Let x(k) = -80*k**2 - 1115*k + 68. Give x(-14).
-2
Let l(d) = 6*d**3 - 417*d**2 + 4863*d - 4305. What is l(55)?
-15
Let y(z) = -54519*z + 289. Calculate y(0).
289
Let m(w) = -704*w - 65106. Give m(-92).
-338
Let x(t) = t**3 - 4*t**2 - 280*t + 4020. Give x(-20).
20
Let a(j) = 8*j**2 + 596*j + 115. Calculate a(-73).
-761
Let u(d) = d**3 - 110*d**2 + 67*d + 2240. What is u(109)?
-2338
Let s(b) = -b**3 + 501*b**2 - 2422*b - 289. Determine s(5).
1
Let o(h) = 125*h**2 + 349*h - 26. What is o(-3)?
52
Let v(i) = -885*i - 16693. What is v(-18)?
-763
Let j(g) = 354*g**2 + 7773*g + 42. What is j(-22)?
372
Let p(i) = 2*i**3 + 49*i**2 + 702*i + 17456. Calculate p(-24).
1184
Let n(l) = 4*l**3 - 36*l**2 - 27*l + 541. Calculate n(7).
-40
Let q(c) = 2216*c - 303743. Give q(137).
-151
Let b(q) = -27019*q - 19102427. Determine b(-707).
6
Let n(h) = -216087*h - 6482593. What is n(-30)?
17
Let f(g) = -885*g + 66334. Determine f(75).
-41
Let n(f) = 95*f + 260. Determine n(-7).
-405
Let n(l) = -l**2 - 7*l + 1001. Calculate n(32).
-247
Let g(t) = t**3 - 13*t**2 - 20*t + 417. Determine g(8).
-63
Let o(n) = n**2 - 780*n - 32127. Determine o(-39).
-186
Let t(m) = -4536*m - 59479. Determine t(-13).
-511
Let a(z) = -4*z**2 - 507*z - 874. What is a(-124)?
490
Let m(u) = 243*u**2 - 3954*u - 3128. Give m(17).
-119
Let r(d) = -d**3 + 70*d**2 - 811*d + 144. Determine r(55).
914
Let a(m) = -2*m**2 - 321*m - 98. Calculate a(-166).
-1924
Let z(r) = 3*r**2 - 142*r + 1341. What is z(8)?
397
Let t(r) = r**3 - 41*r**2 - 1073*r + 13041. Calculate t(56).
-7
Let f(w) = -w**2 + 300*w + 4067. Give f(313).
-2
Let z(y) = y**3 - 768*y**2 + 75089*y + 3922. Give z(653).
4
Let c(m) = -55919*m + 1286142. Calculate c(23).
5
Let u(f) = 2*f**2 + 3768*f + 48702. What is u(-13)?
56
Let w(g) = -89574*g - 716579. What is w(-8)?
13
Let s(y) = y**3 - 26*y**2 + 160*y - 310. Calculate s(4).
-22
Let s(x) = 149*x + 4647. Determine s(-25).
922
Let h(c) = -4*c**2 - 37*c - 77. Determine h(-29).
-2368
Let c(p) = -13*p**2 - 57*p - 27. Give c(-3).
27
Let c(u) = 6410*u + 320525. Determine c(-50).
25
Let y(z) = -817*z - 528577. What is y(-647)?
22
Let y(j) = -5846*j + 46537. Give y(8).
-231
Let r(w) = w**3 + 420*w**2 - 14949*w + 6. What is r(-453)?
6
Let y(l) = l**3 - l**2 - 254*l - 2341. Give y(-12).
-1165
Let z(d) = -1203*d - 104. What is z(0)?
-104
Let s(k) = -6*k**2 - 823*k - 2435. Give s(-3).
-20
Let f(b) = -3*b**2 + 124*b - 1224. Calculate f(22).
52
Let f(